1*i + 6. List the prime factors of z(-4).
2, 5
Suppose 4*k + 1 = -7, 3*p = 5*k + 82. List the prime factors of p.
2, 3
Suppose -5*t - 6*t + 1914 = 0. What are the prime factors of t?
2, 3, 29
Let f = 20 - 13. Suppose f*k = 3*k + 16. What are the prime factors of k?
2
Let i be 1 + 56 + -3 - 0. Let l = i - 36. What are the prime factors of l?
2, 3
What are the prime factors of ((10*-4)/(-8))/((-1)/(-51))?
3, 5, 17
Let s be (2 - 2 - -32) + 1. Let z(g) = g - 2. Let u be z(8). Suppose -5*m = -0*y - 4*y - s, 2*m - u = 4*y. What are the prime factors of m?
3
Let y be 6*4*1/8. Suppose 21 = -y*s + 126. List the prime factors of s.
5, 7
Suppose 5*w = x, -w + 3*x = x. Suppose -4*t + 7 = c - 21, w = 3*c - 4*t - 52. List the prime factors of c.
2, 5
Suppose 0 = -2*d + 6*d. Suppose d*i + 4 = i. Suppose 20 = i*t - 2*t. List the prime factors of t.
2, 5
Let k be (-1)/3 - 21/(-9). Suppose -k*y - 2*y + 152 = 0. Let a = y + -22. List the prime factors of a.
2
Let x(u) = 6*u - 9. Let s(y) be the first derivative of 9*y**2/2 - 14*y + 1. Let v(q) = 5*s(q) - 8*x(q). What are the prime factors of v(-3)?
11
Let s(c) = c - 8. Let u be s(9). Suppose 2*d + u = 5. List the prime factors of -2 - (d + (1 - 14)).
3
Let f = 10 - 7. Suppose 2*n + 19 = f*n. What are the prime factors of n?
19
Suppose j + 6 = -0. Let h = j + 62. Suppose f = z + 4*z - h, -3*f - 24 = -3*z. List the prime factors of z.
2, 3
Suppose -4*b + 6 = -b. Suppose -5 = b*c - 13. Suppose 0 = -c*x + 9 - 1. What are the prime factors of x?
2
Let o be (-4)/18 - (-400)/18. Suppose a - o = -a. List the prime factors of a.
11
Suppose 3*t = 2*t. Suppose t*x - 4*x = -144. List the prime factors of x.
2, 3
Suppose -50 = -d + 8. What are the prime factors of d?
2, 29
Suppose -v - 1 = 7. Let n = v - -22. List the prime factors of n.
2, 7
Let x be ((-20)/3)/((-3)/9). Suppose m + m = x. What are the prime factors of m?
2, 5
Let o(i) = 3*i**2 + 7*i - 1. Let u be o(6). Suppose -5*b = -2*a + 31, 0 = a - 6*a - 2*b + 150. List the prime factors of (-8)/a + u/7.
3, 7
Suppose -b + 2 + 1 = 0. What are the prime factors of 26/4*(b - 1)?
13
Suppose -n - 1 = s, 3*s - 5*s - 6 = 3*n. Let a be -1 + 12/s - -1. Suppose -3*h = 2*h - 5*x - 65, a*x + 25 = h. List the prime factors of h.
3
Suppose c - 2*a = -3*c + 474, 588 = 5*c - 4*a. Suppose -5*t + d = -2*d - c, 2*t - 79 = -5*d. List the prime factors of t.
3
Suppose 71 = -5*o + 1116. List the prime factors of o.
11, 19
Let t(h) = -2*h - h + 2*h**3 - h**3 + 2*h**2 + 2. Suppose -21 = 9*n - 2*n. List the prime factors of t(n).
2
Let x(s) = s**2 - 10*s + 9. Let p be x(9). Let f = p - -22. List the prime factors of f.
2, 11
Suppose -3*u + 13 - 55 = -4*b, -3*u = 6. Let a = 4 - b. Let z = -3 - a. What are the prime factors of z?
2
Suppose 5*q - 4*y - 25 = y, -4*y - 13 = 3*q. Let u be q*(0 + 1) + 1. What are the prime factors of u/(-10) + (-106)/(-5)?
3, 7
Let k(i) = i**3 + 7*i**2 - i - 10. Let w be k(-7). Let d be 8/6*(-18)/w. What are the prime factors of ((-3)/(-2))/(d/64)?
2, 3
Let u = 306 + 10. List the prime factors of u.
2, 79
Let f(a) = a + 6. Let q be f(-4). List the prime factors of (-3)/(-2)*(0 + q).
3
Suppose 15 = g - 4*h, -2*h + 9 = 3*g + 2*g. Suppose 0 = -3*w - 2*j + 34, 5*w - g = 4*w + j. List the prime factors of w.
2
Let j(l) be the first derivative of -3*l**2/2 - 5*l - 1. Suppose 4*y = 4*p + 11 - 35, -5*y + p - 22 = 0. What are the prime factors of j(y)?
7
Let c(g) = -g**2 + 7*g - 4. Let h be c(7). Let j be h/22 - 46/(-11). Suppose 0 = -0*v + j*v - 44. What are the prime factors of v?
11
Suppose y + 13 = 1. What are the prime factors of 4/y + 58/3?
19
Let w = -49 - -72. List the prime factors of w.
23
Let u = 8 + -4. Let p be (6/4)/((-2)/u). Let g = p - -5. List the prime factors of g.
2
Suppose 154 = -0*l + 4*l + 5*n, -4*l + 136 = -4*n. Let v = 11 + l. What are the prime factors of v?
47
Let d = 312 - 217. What are the prime factors of d?
5, 19
Let z be 0/(-2 + (0 - 1)). Suppose 2*n - 5*n = z. Suppose 3*t + 4*d - 50 = n, 4*d + 20 = 2*t - 0*t. List the prime factors of t.
2, 7
List the prime factors of 57/9*3 - -2.
3, 7
What are the prime factors of 2*82*2/8 - -2?
43
Suppose 2*d = 2*r - 2 - 0, 5*r = 3*d + 3. Suppose r = -b + o + 1, -o - 21 = -5*b. Let q(c) = c + 2. List the prime factors of q(b).
7
Suppose 0*o + 4*o = -3*h + 109, -o + 106 = 3*h. Let b = -14 + h. List the prime factors of b.
3, 7
Let w(t) = -11*t - 1 - 1 - 3 - t**3 - 11*t**2. Let b be w(-10). Suppose -5*m + 2*m = -f + 11, -3*f - b*m = -33. List the prime factors of f.
11
Suppose d = -5*w + 27, 41 + 40 = 3*d - 4*w. What are the prime factors of d?
3
Let x(i) = i**3 - 6*i**2 + 8*i - 7. Let b be x(5). Let u = b + -4. What are the prime factors of u?
2
Let v(u) = u**3 - 5*u**2 + 2*u + 5. Let k be v(4). Let m be -2 + 4*(-6)/k. Suppose -m*z + 11*z + j = 27, -3*z = -4*j - 7. What are the prime factors of z?
5
Suppose d = 1 - 19. List the prime factors of -9*(-4)/d*-3.
2, 3
Let p(b) be the third derivative of -b**5/60 - 7*b**4/24 + 3*b**3/2 + b**2. Let o be p(-7). Let r = -5 + o. List the prime factors of r.
2
Suppose 2*d - 56 = -4*k, 0*k = -3*d + k + 49. Let p = -11 + d. What are the prime factors of p?
7
Let k(m) be the third derivative of m**5/60 + m**4/4 - m**3/2 - m**2. List the prime factors of k(-8).
13
What are the prime factors of 100/8*(-18)/(-15)?
3, 5
Let b be (-10)/35 + (-37)/(-7). Suppose c + 4 = -4*o + 25, -b*o = -c - 33. List the prime factors of o.
2, 3
Suppose 0 = 3*g - 8*g + 170. Let d = -12 + g. Suppose 4*k - 49 = 3*y - 4*y, -d = -2*k + 2*y. What are the prime factors of k?
2, 3
Suppose 4*k - 30 = k. Let p be (-2)/(k/(-6) + 1). List the prime factors of (-2)/p - (-260)/12.
3, 7
Let q = 1 - 0. What are the prime factors of 3*q/(3/10)?
2, 5
Let i(n) = -n**3 + 7*n**2 + 8*n + 7. List the prime factors of i(4).
3, 29
Let c(h) = h - 2. What are the prime factors of c(7)?
5
Let x = -18 + 35. List the prime factors of x.
17
Let q(s) be the first derivative of s**2/2 + s + 4. List the prime factors of q(9).
2, 5
Let n be 3 + (4/2)/(-1). Let m(u) = 62*u + 1. Let o be m(n). Suppose -21 + o = 3*v. List the prime factors of v.
2, 7
What are the prime factors of (3/2)/(18/516)?
43
Suppose -4*n = -0*n - 5*y + 91, 5*n + 4*y = -83. Let z = -2 - n. What are the prime factors of z?
17
Suppose -x + 9 = -4*n - 19, -5*n = 2*x - 17. List the prime factors of x.
2
What are the prime factors of 15/5 - (2 + -73)?
2, 37
Let l(x) = 15*x + 6. Let k be l(-4). Let f = k - -75. Let v = 29 - f. What are the prime factors of v?
2
Suppose 0*c - 48 = -3*c. Let h = c - 3. What are the prime factors of h?
13
Suppose -4*n + p + 914 = 0, -5*n + p + 1148 = -3*p. What are the prime factors of n?
2, 3, 19
Suppose -2510 = 16*b - 7342. List the prime factors of b.
2, 151
Suppose -4*p = -8 - 4. Let d = 2 + p. Suppose 0*z - 55 = -d*z. What are the prime factors of z?
11
Let g = 6 + -105. Let p = g + 143. List the prime factors of p.
2, 11
Let b(s) = -s**3 - 6*s**2 + 5*s - 10. Let r be b(-7). Suppose -r = w - 2. List the prime factors of ((-45)/(-6))/((-1)/w).
3, 5
Suppose -7*x = -2*x - 1145. List the prime factors of x.
229
Suppose 27*m - 21*m - 1002 = 0. List the prime factors of m.
167
Let z = -28 - -43. Let c be (-1)/(3/z) + 0. Let h = c + 10. What are the prime factors of h?
5
Suppose -3*p - 1 = w, 0 = -2*w + p + 28 + 5. What are the prime factors of (-35)/w*52/(-5)?
2, 13
Suppose -5*k = 5*k - 1340. What are the prime factors of k?
2, 67
Let b be -17 - ((3 - 3) + 3). What are the prime factors of (-36)/8*b/6?
3, 5
Let z be (5/2)/(2/4). Suppose z*w + 43 - 233 = 0. List the prime factors of w.
2, 19
Suppose -4*f = -f. Suppose f = 5*c + 4*v - 97, c - 6*c + 91 = 2*v. Suppose 13 + c = 2*t. What are the prime factors of t?
3, 5
Let o(k) = k + 3. Let g be o(-4). Let c(w) = -5*w. List the prime factors of c(g).
5
Let l = -45 - -100. List the prime factors of l.
5, 11
Let i = 18 + -10. Let t = i + -6. Suppose 3*k - t*f - 10 = 2*k, 2*k - f = 23. List the prime factors of k.
2, 3
Suppose 0 = 3*d + 4 - 19, -5*d + 31 = 3*f. Suppose r = f*r. Suppose 5*s - 70 = -r. List the prime factors of s.
2, 7
Let d(y) = y**3 - 9*y**2 + 8*y + 4. Let l be d(8). Suppose g + l*s + 44 = -s, 5*s = -3*g - 102. Let t = -13 - g. What are the prime factors of t?
2
Let g(k) 